{"id":1399,"date":"2020-12-03T15:49:13","date_gmt":"2020-12-03T15:49:13","guid":{"rendered":"http:\/\/www.frima.cat\/frima\/?page_id=1399"},"modified":"2021-01-19T16:09:54","modified_gmt":"2021-01-19T16:09:54","slug":"aviso-legal","status":"publish","type":"page","link":"https:\/\/www.frima.cat\/frima\/aviso-legal\/","title":{"rendered":"Aviso legal"},"content":{"rendered":"<h1><span style=\"color: #1f3e7c;\">Aviso legal<\/span><\/h1>\n<hr \/>\n<h1>\u00a0<\/h1>\n\n\n<p><span style=\"color:#1f3e7c\" class=\"has-inline-color\">En cumplimiento de la Ley 34\/2002, de 11 de julio, de Servicios de la Sociedad de la Informaci\u00f3n y de Comercio Electr\u00f3nico (LSSI-CE), FRIMA REFORMES SL informa que es titular del sitio web www.frima.cat. De acuerdo con la exigencia del art\u00edculo 10 de la citada Ley, FRIMA REFORMES SL informa de los siguientes datos:<\/span><\/p>\n\n\n\n<p><span style=\"color:#1f3e7c\" class=\"has-inline-color\">El titular de este sitio web es FRIMA REFORMES SL, con CIF B64949472 y domicilio social en AVDA FABREGADA, 26, LOCAL B, 08907, L&#8217;HOSPITALET DE LLOBREGAT (BARCELONA). La direcci\u00f3n de correo electr\u00f3nico de contacto con la empresa es:&nbsp;frima@frima.cat.<\/span><\/p>\n\n\n\n<p><strong><span style=\"color:#1f3e7c\" class=\"has-inline-color\">Usuario y r\u00e9gimen de responsabilidades<\/span><\/strong><\/p>\n\n\n\n<p><span style=\"color:#1f3e7c\" class=\"has-inline-color\">La navegaci\u00f3n, acceso y uso por el sitio web de FRIMA REFORMES SL confiere la condici\u00f3n de usuario, por la que se aceptan, desde la navegaci\u00f3n por el sitio web de FRIMA REFORMES SL, todas las condiciones de uso aqu\u00ed establecidas sin perjuicio de la aplicaci\u00f3n de la correspondiente normativa de obligado cumplimiento legal seg\u00fan el caso.<\/span><\/p>\n\n\n\n<p><span style=\"color:#1f3e7c\" class=\"has-inline-color\">El sitio web de FRIMA REFORMES SL proporciona gran diversidad de informaci\u00f3n, servicios y datos. El usuario asume su responsabilidad en el uso correcto del sitio web. Esta responsabilidad se extender\u00e1 a:<\/span><\/p>\n\n\n\n<ul class=\"wp-block-list\"><li><span style=\"color:#1f3e7c\" class=\"has-inline-color\">La veracidad y licitud de las informaciones aportadas por el usuario en los formularios extendidos por FRIMA REFORMES SL para el acceso a ciertos contenidos o servicios ofrecidos por el web.<\/span><\/li><li><span style=\"color:#1f3e7c\" class=\"has-inline-color\">El uso de la informaci\u00f3n, servicios y datos ofrecidos por FRIMA REFORMES SL contrariamente a lo dispuesto por las presentes condiciones, la Ley, la moral, las buenas costumbres o el orden p\u00fablico, o que de cualquier otro modo puedan suponer lesi\u00f3n de los derechos de terceros o del mismo funcionamiento del sitio web.<\/span><\/li><\/ul>\n\n\n\n<p><strong><span style=\"color:#1f3e7c\" class=\"has-inline-color\">Pol\u00edtica de enlaces y exenciones de responsabilidad<\/span><\/strong><\/p>\n\n\n\n<p><span style=\"color:#1f3e7c\" class=\"has-inline-color\">FRIMA REFORMES SL no se hace responsable del contenido de los sitios web a los que el usuario pueda acceder a trav\u00e9s de los enlaces establecidos en su sitio web y declara que en ning\u00fan caso proceder\u00e1 a examinar o ejercitar ning\u00fan tipo de control sobre el contenido de otros sitios de la red. Asimismo, tampoco garantizar\u00e1 la disponibilidad t\u00e9cnica, exactitud, veracidad, validez o legalidad de sitios ajenos a su propiedad a los que se pueda acceder por medio de los enlaces.<\/span><\/p>\n\n\n\n<p><span style=\"color:#1f3e7c\" class=\"has-inline-color\">FRIMA REFORMES SL declara haber adoptado todas las medidas necesarias para evitar cualquier da\u00f1o a los usuarios de su sitio web, que pudieran derivarse de la navegaci\u00f3n por su sitio web. En consecuencia, FRIMA REFORMES SL no se hace responsable, en ning\u00fan caso, de los eventuales da\u00f1os que por la navegaci\u00f3n por Internet pudiera sufrir el usuario.<\/span><\/p>\n\n\n\n<p><strong><span style=\"color:#1f3e7c\" class=\"has-inline-color\">Modificaciones<\/span><\/strong><\/p>\n\n\n\n<p><span style=\"color:#1f3e7c\" class=\"has-inline-color\">FRIMA REFORMES SL se reserva el derecho a realizar las modificaciones que considere oportunas, sin aviso previo, en el contenido de su sitio web. Tanto en lo referente a los contenidos del sitio web, como en las condiciones de uso del mismo. Dichas modificaciones podr\u00e1n realizarse a trav\u00e9s de su sitio web por cualquier forma admisible en derecho y ser\u00e1n de obligado cumplimiento durante el tiempo en que se encuentren publicadas en la web y hasta que no sean modificadas v\u00e1lidamente por otras posteriores.<\/span><\/p>\n\n\n\n<p><strong><span style=\"color:#1f3e7c\" class=\"has-inline-color\">Propiedad intelectual e industrial<\/span><\/strong><\/p>\n\n\n\n<p><span style=\"color:#1f3e7c\" class=\"has-inline-color\">FRIMA REFORMES SL por s\u00ed misma o como cesionaria, es titular de todos los derechos de propiedad intelectual e industrial de su p\u00e1gina web, as\u00ed como de los elementos contenidos en la misma (a t\u00edtulo enunciativo, im\u00e1genes, sonido, audio, v\u00eddeo, software o textos; marcas o logotipos, combinaciones de colores, estructura y dise\u00f1o, selecci\u00f3n de materiales usados, programas de ordenador necesarios para su funcionamiento, acceso y uso, etc.), titularidad de FRIMA REFORMES SL. Ser\u00e1n, por consiguiente, obras protegidas como propiedad intelectual por el ordenamiento jur\u00eddico espa\u00f1ol, si\u00e9ndoles aplicables tanto la normativa espa\u00f1ola y comunitaria en este campo, como los tratados internacionales relativos a la materia y suscritos por Espa\u00f1a.<\/span><\/p>\n\n\n\n<p><span style=\"color:#1f3e7c\" class=\"has-inline-color\">Todos los derechos reservados. En virtud de lo dispuesto en la Ley de Propiedad Intelectual, quedan expresamente prohibidas la reproducci\u00f3n, la distribuci\u00f3n y la comunicaci\u00f3n p\u00fablica, incluida su modalidad de puesta a disposici\u00f3n, de la totalidad o parte de los contenidos de esta p\u00e1gina web, con fines comerciales, en cualquier soporte y por cualquier medio t\u00e9cnico, sin la autorizaci\u00f3n de FRIMA REFORMES SL.<\/span><\/p>\n\n\n\n<p><span style=\"color:#1f3e7c\" class=\"has-inline-color\">El usuario se compromete a respetar los derechos de Propiedad Intelectual e Industrial titularidad de FRIMA REFORMES SL. Podr\u00e1 visualizar los elementos del portal e incluso imprimirlos, copiarlos y almacenarlos en el disco duro de su ordenador o en cualquier otro soporte f\u00edsico siempre y cuando sea, \u00fanica y exclusivamente, para su uso personal y privado. El usuario deber\u00e1 abstenerse de suprimir, alterar, eludir o manipular cualquier dispositivo de protecci\u00f3n o sistema de seguridad que estuviera instalado en las p\u00e1ginas de FRIMA REFORMES SL.<\/span><\/p>\n\n\n\n<p><strong><span style=\"color:#1f3e7c\" class=\"has-inline-color\">Acciones legales, legislaci\u00f3n aplicable y jurisdicci\u00f3n<\/span><\/strong><\/p>\n\n\n\n<p><span style=\"color:#1f3e7c\" class=\"has-inline-color\">FRIMA REFORMES SL se reserva, asimismo, la facultad de presentar las acciones civiles o penales que considere oportunas por la utilizaci\u00f3n indebida de su sitio web y contenidos, o por el incumplimiento de las presentes condiciones.<\/span><\/p>\n\n\n\n<p><span style=\"color:#1f3e7c\" class=\"has-inline-color\">La relaci\u00f3n entre el usuario y el prestador se regir\u00e1 por la normativa vigente y de aplicaci\u00f3n en el territorio espa\u00f1ol. De surgir cualquier controversia las partes podr\u00e1n someter sus conflictos a arbitraje o acudir a la jurisdicci\u00f3n ordinaria cumpliendo con las normas sobre jurisdicci\u00f3n y competencia al respecto. FRIMA REFORMES SL tiene su domicilio en BARCELONA, Espa\u00f1a.<\/span><\/p>\n","protected":false},"excerpt":{"rendered":"<p>Aviso legal \u00a0 En cumplimiento de la Ley 34\/2002, de 11 de julio, de Servicios de la Sociedad de la Informaci\u00f3n y de Comercio Electr\u00f3nico (LSSI-CE), FRIMA REFORMES SL informa que es titular del sitio web www.frima.cat. De acuerdo con<\/p>\n","protected":false},"author":2,"featured_media":0,"parent":0,"menu_order":0,"comment_status":"closed","ping_status":"closed","template":"","meta":{"footnotes":""},"class_list":["post-1399","page","type-page","status-publish","hentry"],"_links":{"self":[{"href":"https:\/\/www.frima.cat\/frima\/wp-json\/wp\/v2\/pages\/1399","targetHints":{"allow":["GET"]}}],"collection":[{"href":"https:\/\/www.frima.cat\/frima\/wp-json\/wp\/v2\/pages"}],"about":[{"href":"https:\/\/www.frima.cat\/frima\/wp-json\/wp\/v2\/types\/page"}],"author":[{"embeddable":true,"href":"https:\/\/www.frima.cat\/frima\/wp-json\/wp\/v2\/users\/2"}],"replies":[{"embeddable":true,"href":"https:\/\/www.frima.cat\/frima\/wp-json\/wp\/v2\/comments?post=1399"}],"version-history":[{"count":7,"href":"https:\/\/www.frima.cat\/frima\/wp-json\/wp\/v2\/pages\/1399\/revisions"}],"predecessor-version":[{"id":2934,"href":"https:\/\/www.frima.cat\/frima\/wp-json\/wp\/v2\/pages\/1399\/revisions\/2934"}],"wp:attachment":[{"href":"https:\/\/www.frima.cat\/frima\/wp-json\/wp\/v2\/media?parent=1399"}],"curies":[{"name":"wp","href":"https:\/\/api.w.org\/{rel}","templated":true}]}}