{"id":2070,"date":"2020-12-23T15:44:44","date_gmt":"2020-12-23T15:44:44","guid":{"rendered":"http:\/\/www.frima.cat\/frima\/?page_id=2070"},"modified":"2021-03-26T11:02:29","modified_gmt":"2021-03-26T11:02:29","slug":"cubiertas-y-terrazas","status":"publish","type":"page","link":"https:\/\/www.frima.cat\/frima\/nuestros-servicios\/cubiertas-y-terrazas\/","title":{"rendered":"Cubiertas y terrazas"},"content":{"rendered":"\n<div class=\"wp-block-columns is-layout-flex wp-container-core-columns-is-layout-9d6595d7 wp-block-columns-is-layout-flex\">\n<div class=\"wp-block-column is-layout-flow wp-block-column-is-layout-flow\" style=\"flex-basis:-5.41%\"><\/div>\n\n\n\n<div class=\"wp-block-column is-layout-flow wp-block-column-is-layout-flow\" style=\"flex-basis:23.3%\">\n<div style=\"height:75px\" aria-hidden=\"true\" class=\"wp-block-spacer\"><\/div>\n\n\n\n<h1 style=\"text-align: center;\"><span style=\"color: #1f3e7c;\">Cubiertas y Terrazas<\/span><\/h1>\n\n\n\n<p class=\"has-text-align-left\"><em><span style=\"color:#1f3e7c\" class=\"has-inline-color\">Zona superior y salientes de la vivienda.<\/span><\/em><\/p>\n<\/div>\n\n\n\n<div class=\"wp-block-column is-layout-flow wp-block-column-is-layout-flow\" style=\"flex-basis:0.1%\"><\/div>\n\n\n\n<div class=\"wp-block-column is-layout-flow wp-block-column-is-layout-flow\" style=\"flex-basis:71.59%\">\n<div class=\"wp-block-image\"><figure class=\"alignleft size-large\"><img loading=\"lazy\" decoding=\"async\" width=\"1024\" height=\"243\" src=\"https:\/\/www.frima.cat\/frima\/wp-content\/uploads\/2020\/12\/mix_3D_difuminado-1024x243.png\" alt=\"\" class=\"wp-image-2245\" srcset=\"https:\/\/www.frima.cat\/frima\/wp-content\/uploads\/2020\/12\/mix_3D_difuminado-1024x243.png 1024w, https:\/\/www.frima.cat\/frima\/wp-content\/uploads\/2020\/12\/mix_3D_difuminado-300x71.png 300w, https:\/\/www.frima.cat\/frima\/wp-content\/uploads\/2020\/12\/mix_3D_difuminado-768x182.png 768w, https:\/\/www.frima.cat\/frima\/wp-content\/uploads\/2020\/12\/mix_3D_difuminado-600x142.png 600w, https:\/\/www.frima.cat\/frima\/wp-content\/uploads\/2020\/12\/mix_3D_difuminado.png 1388w\" sizes=\"auto, (max-width: 1024px) 100vw, 1024px\" \/><\/figure><\/div>\n\n\n\n<p><\/p>\n<\/div>\n<\/div>\n\n\n\n<div class=\"wp-block-columns is-layout-flex wp-container-core-columns-is-layout-9d6595d7 wp-block-columns-is-layout-flex\">\n<div class=\"wp-block-column is-layout-flow wp-block-column-is-layout-flow\" style=\"flex-basis:5%\"><\/div>\n\n\n\n<div class=\"wp-block-column is-layout-flow wp-block-column-is-layout-flow\">\n<div style=\"height:30px\" aria-hidden=\"true\" class=\"wp-block-spacer\"><\/div>\n\n\n\n<figure class=\"wp-block-image size-large\"><img loading=\"lazy\" decoding=\"async\" width=\"313\" height=\"444\" src=\"https:\/\/www.frima.cat\/frima\/wp-content\/uploads\/2020\/12\/cubierta.png\" alt=\"\" class=\"wp-image-2117\" srcset=\"https:\/\/www.frima.cat\/frima\/wp-content\/uploads\/2020\/12\/cubierta.png 313w, https:\/\/www.frima.cat\/frima\/wp-content\/uploads\/2020\/12\/cubierta-211x300.png 211w\" sizes=\"auto, (max-width: 313px) 100vw, 313px\" \/><\/figure>\n\n\n\n<p style=\"text-align: center;\"><span style=\"color: #1f3e7c;\"><a style=\"color: #1f3e7c;\" href=\"https:\/\/www.frima.cat\/frima\/obras-realizadas\/cubiertas\/\">Ver CUBIERTAS REHABILITADAS \u27a1<\/a><\/span><\/p>\n<p style=\"text-align: center;\"><span style=\"color: #1f3e7c;\"><a style=\"color: #1f3e7c;\" href=\"https:\/\/www.frima.cat\/frima\/obras-realizadas\/terrazas\/\">Ver TERRAZAS REHABILITADAS \u27a1<\/a><\/span><\/p>\n\n\n\n<p><\/p>\n<\/div>\n\n\n\n<div class=\"wp-block-column is-layout-flow wp-block-column-is-layout-flow\" style=\"flex-basis:61.5%\">\n<div class=\"wp-block-column\">\u00a0<\/div>\n<div class=\"wp-block-column\">\n<h6><strong><span style=\"color: #1f3e7c;\">DESCRIPCI\u00d3N<\/span><\/strong><\/h6>\n<p><span style=\"color: #1f3e7c;\">Entendemos por <strong>cubierta<\/strong>, la parte exterior del techo de un edificio, formada por una superposici\u00f3n de diferentes materiales constituidos en estratos, confiriendo al conjunto resistencia, impermeabilidad, aislamiento e inercia t\u00e9rmica. <strong>Terraza<\/strong>, es la zona de la c<\/span>asa abiert<span style=\"color: #1f3e7c;\">a al aire libre, la extensi\u00f3n exterior habitable de una vivienda.<\/span><\/p>\n<p><span style=\"color: #1f3e7c;\">Existen diferentes tipos de cubiertas, clasificables seg\u00fan sus usos, configuraci\u00f3n geom\u00e9trica, sistemas constructivos, materiales utilizados y disposici\u00f3n de los mismos.\u00a0<\/span><span style=\"color: #1f3e7c;\">De esta manera, podemos hablar de cubiertas inclinadas, planas, transitables, no transitables, ajardinadas, invertidas, de chapa, sint\u00e9ticas, de tejas, de pizarra, a la catalana, etc., con la consiguiente variedad de patolog\u00edas y soluciones posibles.<\/span><\/p>\n<p><span style=\"color: #1f3e7c;\">La garant\u00eda es de 10 a\u00f1os, seg\u00fan marca la Ley de Ordenaci\u00f3n de la Edificaci\u00f3n.<\/span><\/p>\n<h6><strong><span style=\"color: #1f3e7c;\">PATOLOG\u00cdAS Y SOLUCIONES HABITUALES<\/span><\/strong><\/h6>\n<p><span style=\"color: #1f3e7c;\">Las principales patolog\u00edas se encuentran en los encuentros con los paramentos verticales y en los desag\u00fces.\u00a0<\/span><span style=\"color: #1f3e7c;\">La\u00a0 m\u00e1s evidente y que requiere una actuaci\u00f3n r\u00e1pida, suele ser la p\u00e9rdida de impermeabilizaci\u00f3n por motivos de envejecimiento propio del material, por desgaste, vicios ocultos, defectos de dise\u00f1o y\/o de ejecuci\u00f3n, etc.<\/span><br \/><span style=\"color: #1f3e7c;\">Habitualmente, la mayor parte de cubiertas que requieren nuestra intervenci\u00f3n son de tipo plana transitable, a menudo comunitaria.<\/span><br \/><span style=\"color: #1f3e7c;\">Para estos casos, queremos destacar dos soluciones que aseguran resultados \u00f3ptimos.<\/span><\/p>\n<p style=\"padding-left: 40px;\"><span style=\"color: #1f3e7c;\"><a style=\"color: #1f3e7c;\" href=\"https:\/\/www.frima.cat\/frima\/impermeabilizaciones\/epdm\/\">\u27a1 Impermeabilizaci\u00f3n mediante la colocaci\u00f3n de l\u00e1mina EPDM<\/a><\/span><\/p>\n<p style=\"padding-left: 40px;\"><span style=\"color: #1f3e7c;\"><a style=\"color: #1f3e7c;\" href=\"https:\/\/www.frima.cat\/frima\/impermeabilizaciones\/sistema-revimca\/\">\u27a1 Impermeabilizaci\u00f3n mediante la aplicaci\u00f3n de caucho (Sistema REVIMCA)<\/a><\/span><\/p>\n<\/div>\n\n\n\n<p><\/p>\n<\/div>\n<\/div>\n","protected":false},"excerpt":{"rendered":"<p>Zona superior y salientes de la vivienda.<\/p>\n","protected":false},"author":2,"featured_media":2101,"parent":1409,"menu_order":0,"comment_status":"closed","ping_status":"closed","template":"","meta":{"footnotes":""},"class_list":["post-2070","page","type-page","status-publish","has-post-thumbnail","hentry"],"_links":{"self":[{"href":"https:\/\/www.frima.cat\/frima\/wp-json\/wp\/v2\/pages\/2070","targetHints":{"allow":["GET"]}}],"collection":[{"href":"https:\/\/www.frima.cat\/frima\/wp-json\/wp\/v2\/pages"}],"about":[{"href":"https:\/\/www.frima.cat\/frima\/wp-json\/wp\/v2\/types\/page"}],"author":[{"embeddable":true,"href":"https:\/\/www.frima.cat\/frima\/wp-json\/wp\/v2\/users\/2"}],"replies":[{"embeddable":true,"href":"https:\/\/www.frima.cat\/frima\/wp-json\/wp\/v2\/comments?post=2070"}],"version-history":[{"count":55,"href":"https:\/\/www.frima.cat\/frima\/wp-json\/wp\/v2\/pages\/2070\/revisions"}],"predecessor-version":[{"id":3607,"href":"https:\/\/www.frima.cat\/frima\/wp-json\/wp\/v2\/pages\/2070\/revisions\/3607"}],"up":[{"embeddable":true,"href":"https:\/\/www.frima.cat\/frima\/wp-json\/wp\/v2\/pages\/1409"}],"wp:featuredmedia":[{"embeddable":true,"href":"https:\/\/www.frima.cat\/frima\/wp-json\/wp\/v2\/media\/2101"}],"wp:attachment":[{"href":"https:\/\/www.frima.cat\/frima\/wp-json\/wp\/v2\/media?parent=2070"}],"curies":[{"name":"wp","href":"https:\/\/api.w.org\/{rel}","templated":true}]}}