{"id":2075,"date":"2020-12-23T15:44:44","date_gmt":"2020-12-23T15:44:44","guid":{"rendered":"http:\/\/www.frima.cat\/frima\/?page_id=2075"},"modified":"2021-03-23T07:00:41","modified_gmt":"2021-03-23T07:00:41","slug":"instalaciones","status":"publish","type":"page","link":"https:\/\/www.frima.cat\/frima\/nuestros-servicios\/instalaciones\/","title":{"rendered":"Instalaciones"},"content":{"rendered":"\n<div class=\"wp-block-columns is-layout-flex wp-container-core-columns-is-layout-9d6595d7 wp-block-columns-is-layout-flex\">\n<div class=\"wp-block-column is-layout-flow wp-block-column-is-layout-flow\" style=\"flex-basis:-5.41%\"><\/div>\n\n\n\n<div class=\"wp-block-column is-layout-flow wp-block-column-is-layout-flow\" style=\"flex-basis:19.3%\">\n<div style=\"height:68px\" aria-hidden=\"true\" class=\"wp-block-spacer\"><\/div>\n\n\n\n<h1 style=\"text-align: left;\"><span style=\"color: #1f3e7c;\">Instalaciones<\/span><\/h1>\n\n\n\n<p class=\"has-text-align-left\"><em><span style=\"color:#1f3e7c\" class=\"has-inline-color\">La importancia de los suministros. <\/span><\/em><\/p>\n<\/div>\n\n\n\n<div class=\"wp-block-column is-layout-flow wp-block-column-is-layout-flow\" style=\"flex-basis:1%\"><\/div>\n\n\n\n<div class=\"wp-block-column is-layout-flow wp-block-column-is-layout-flow\" style=\"flex-basis:71.59%\">\n<div class=\"wp-block-image\"><figure class=\"alignleft size-large\"><img loading=\"lazy\" decoding=\"async\" width=\"1024\" height=\"243\" src=\"https:\/\/www.frima.cat\/frima\/wp-content\/uploads\/2020\/12\/mix_3D_difuminado-1024x243.png\" alt=\"\" class=\"wp-image-2245\" srcset=\"https:\/\/www.frima.cat\/frima\/wp-content\/uploads\/2020\/12\/mix_3D_difuminado-1024x243.png 1024w, https:\/\/www.frima.cat\/frima\/wp-content\/uploads\/2020\/12\/mix_3D_difuminado-300x71.png 300w, https:\/\/www.frima.cat\/frima\/wp-content\/uploads\/2020\/12\/mix_3D_difuminado-768x182.png 768w, https:\/\/www.frima.cat\/frima\/wp-content\/uploads\/2020\/12\/mix_3D_difuminado-600x142.png 600w, https:\/\/www.frima.cat\/frima\/wp-content\/uploads\/2020\/12\/mix_3D_difuminado.png 1388w\" sizes=\"auto, (max-width: 1024px) 100vw, 1024px\" \/><\/figure><\/div>\n\n\n\n<p><\/p>\n<\/div>\n<\/div>\n\n\n\n<div class=\"wp-block-columns is-layout-flex wp-container-core-columns-is-layout-9d6595d7 wp-block-columns-is-layout-flex\">\n<div class=\"wp-block-column is-layout-flow wp-block-column-is-layout-flow\" style=\"flex-basis:44.5%\">\n<div style=\"height:66px\" aria-hidden=\"true\" class=\"wp-block-spacer\"><\/div>\n\n\n\n<div style=\"height:37px\" aria-hidden=\"true\" class=\"wp-block-spacer\"><\/div>\n\n\n\n<figure class=\"wp-block-image size-large is-resized\"><img loading=\"lazy\" decoding=\"async\" src=\"https:\/\/www.frima.cat\/frima\/wp-content\/uploads\/2020\/12\/image.png\" alt=\"\" class=\"wp-image-2278\" width=\"481\" height=\"659\"\/><\/figure>\n\n\n\n<p style=\"text-align: center;\"><span style=\"color: #1f3e7c;\"><a style=\"color: #1f3e7c;\" href=\"https:\/\/www.frima.cat\/frima\/obras-realizadas\/instalaciones\/\">Ver INSTALACIONES REALIZADAS \u27a1<\/a><\/span><\/p>\n<\/div>\n\n\n\n<div class=\"wp-block-column is-layout-flow wp-block-column-is-layout-flow\" style=\"flex-basis:50.2%\">\n<div style=\"height:100px\" aria-hidden=\"true\" class=\"wp-block-spacer\"><\/div>\n\n\n\n<h6><strong><span style=\"color: #1e3460;\">DESCRIPCI\u00d3N<\/span><\/strong><\/h6>\n<p><span style=\"color: #1f3e7c;\">El desarrollo de actividades en un edificio ser\u00eda imposible sin el suministro de servicios como agua, gas, electricidad, climatizaci\u00f3n o telecomunicaciones. <\/span><\/p>\n<p><span style=\"color: #1f3e7c;\"><br>De la misma manera, tambi\u00e9n es necesaria la evacuaci\u00f3n de aguas sucias mediante una red de saneamiento, y ventilaci\u00f3n forzada de gases. <\/span><span style=\"color: #1f3e7c;\">Estos suministros, se realizan mediante conducciones a trav\u00e9s de todo el edificio a modo de arterias y venas.<\/span><\/p>\n<h6><span style=\"color: #1f3e7c;\"><strong>PATOLOG\u00cdAS Y SOLUCIONES HABITUALES<\/strong><\/span><\/h6>\n<p><span style=\"color: #1f3e7c;\">Tanto las necesidades como las normativas que afectan las instalaciones, est\u00e1n en cambio constante para adaptarse a la evoluci\u00f3n de nuestro estilo de vida. <\/span><span style=\"color: #1f3e7c;\">As\u00ed por ejemplo, edificios centenarios que en origen justo conoc\u00edan las primeras instalaciones el\u00e9ctricas, actualmente deben poder cumplir todas las necesidades actuales.<\/span><\/p>\n<p><span style=\"color: #1f3e7c;\">De la misma forma, las telecomunicaciones han sido protagonistas de grandes transformaciones, con la conversi\u00f3n de sistemas de recepci\u00f3n anal\u00f3gicos a digitales, o con aumento del ancho de banda en redes de telefon\u00eda e internet.<\/span><\/p>\n<p><span style=\"color: #1f3e7c;\">Aparte de la adaptaci\u00f3n a los cambios en nuestro estilo de vida, las instalaciones tambi\u00e9n envejecen y deben irse manteniendo. A menudo tambi\u00e9n aparecen nuevos sistemas y materiales m\u00e1s aptos para la canalizaci\u00f3n de gases inflamables y de agua potable, que hacen obsoletos los anteriores, motivo por el cual se deben renovar<\/span><\/p>\n\n\n\n<p><\/p>\n<\/div>\n<\/div>\n\n\n<h6><span style=\"color: #1f3e7c;\"><strong>Electricidad<\/strong><\/span><\/h6>\n<p><span style=\"color: #1f3e7c;\">En toda comunidad que iguale o supere los 100kW de potencia en instalaciones comunes de baja tensi\u00f3n, actualmente, es obligatorio realizar una inspecci\u00f3n oficial, corregir si cabe, aquellos puntos que no cumplan con las normativas vigentes y realizar la correspondiente legalizaci\u00f3n de la instalaci\u00f3n.<\/span><\/p>\n<p>\u00a0<\/p>\n<h6><span style=\"color: #1f3e7c;\"><strong>Suministro y distribuci\u00f3n de agua<\/strong><\/span><\/h6>\n<p><span style=\"color: #1f3e7c;\">Existen todav\u00eda edificios con suministro por aforo, con los t\u00edpicos dep\u00f3sitos de fibrocemento ubicados en la cubierta, as\u00ed como distribuciones a base de tuber\u00edas de hierro o hasta plomo.<\/span><br \/><span style=\"color: #1f3e7c;\">Por motivos de salubridad, estas instalaciones deben ser sustituidas por suministros directos y distribuciones a base de tuber\u00edas de cobre o polipropileno<\/span><\/p>\n<p>\u00a0<\/p>\n<h6><span style=\"color: #1f3e7c;\"><strong>Gas<\/strong><\/span><\/h6>\n<p><span style=\"color: #1f3e7c;\">La\u00a0instalaci\u00f3n de gas\u00a0es la\u00a0que\u00a0permite utilizar un suministro tanto de\u00a0gas\u00a0natural como de GLP (gas licuado del petr\u00f3leo) en un inmueble. Acometer esta\u00a0instalaci\u00f3n\u00a0es necesario para poder hacer uso de cualquier tipo de\u00a0gas, ya\u00a0que\u00a0este necesita ser canalizado hasta los aparatos\u00a0que\u00a0lo utilizan para funcionar.<\/span><\/p>\n<p>\u00a0<\/p>\n<p style=\"padding-left: 880px;\">\u00a0<\/p>\n\n\n<p><\/p>\n","protected":false},"excerpt":{"rendered":"<p>La importancia de los suministros.<\/p>\n","protected":false},"author":2,"featured_media":2108,"parent":1409,"menu_order":0,"comment_status":"closed","ping_status":"closed","template":"","meta":{"footnotes":""},"class_list":["post-2075","page","type-page","status-publish","has-post-thumbnail","hentry"],"_links":{"self":[{"href":"https:\/\/www.frima.cat\/frima\/wp-json\/wp\/v2\/pages\/2075","targetHints":{"allow":["GET"]}}],"collection":[{"href":"https:\/\/www.frima.cat\/frima\/wp-json\/wp\/v2\/pages"}],"about":[{"href":"https:\/\/www.frima.cat\/frima\/wp-json\/wp\/v2\/types\/page"}],"author":[{"embeddable":true,"href":"https:\/\/www.frima.cat\/frima\/wp-json\/wp\/v2\/users\/2"}],"replies":[{"embeddable":true,"href":"https:\/\/www.frima.cat\/frima\/wp-json\/wp\/v2\/comments?post=2075"}],"version-history":[{"count":40,"href":"https:\/\/www.frima.cat\/frima\/wp-json\/wp\/v2\/pages\/2075\/revisions"}],"predecessor-version":[{"id":3534,"href":"https:\/\/www.frima.cat\/frima\/wp-json\/wp\/v2\/pages\/2075\/revisions\/3534"}],"up":[{"embeddable":true,"href":"https:\/\/www.frima.cat\/frima\/wp-json\/wp\/v2\/pages\/1409"}],"wp:featuredmedia":[{"embeddable":true,"href":"https:\/\/www.frima.cat\/frima\/wp-json\/wp\/v2\/media\/2108"}],"wp:attachment":[{"href":"https:\/\/www.frima.cat\/frima\/wp-json\/wp\/v2\/media?parent=2075"}],"curies":[{"name":"wp","href":"https:\/\/api.w.org\/{rel}","templated":true}]}}