{"id":553,"date":"2020-10-26T16:28:57","date_gmt":"2020-10-26T16:28:57","guid":{"rendered":"http:\/\/www.frima.cat\/frima\/?page_id=553"},"modified":"2023-01-23T12:34:03","modified_gmt":"2023-01-23T12:34:03","slug":"epdm","status":"publish","type":"page","link":"https:\/\/www.frima.cat\/frima\/impermeabilizaciones\/epdm\/","title":{"rendered":"Sistema BAJO SOLER\u00cdA"},"content":{"rendered":"\n<div style=\"height:20px\" aria-hidden=\"true\" class=\"wp-block-spacer\"><\/div>\n\n\n\n<div class=\"wp-block-columns is-layout-flex wp-container-core-columns-is-layout-9d6595d7 wp-block-columns-is-layout-flex\">\n<div class=\"wp-block-column is-layout-flow wp-block-column-is-layout-flow\" style=\"flex-basis:0%\"><\/div>\n\n\n\n<div class=\"wp-block-column is-vertically-aligned-top is-layout-flow wp-block-column-is-layout-flow\">\n<figure class=\"wp-block-image size-large is-resized\"><img decoding=\"async\" src=\"https:\/\/www.frima.cat\/frima\/wp-content\/uploads\/2020\/12\/rachola_1-edited-2.jpg\" alt=\"\" class=\"wp-image-1596\" width=\"513\" height=\"223.2095744680851\" srcset=\"https:\/\/www.frima.cat\/frima\/wp-content\/uploads\/2020\/12\/rachola_1-edited-2.jpg 940w, https:\/\/www.frima.cat\/frima\/wp-content\/uploads\/2020\/12\/rachola_1-edited-2-300x131.jpg 300w, https:\/\/www.frima.cat\/frima\/wp-content\/uploads\/2020\/12\/rachola_1-edited-2-768x334.jpg 768w, https:\/\/www.frima.cat\/frima\/wp-content\/uploads\/2020\/12\/rachola_1-edited-2-600x261.jpg 600w\" sizes=\"(max-width: 940px) 100vw, 940px\" \/><\/figure>\n<\/div>\n\n\n\n<div class=\"wp-block-column is-layout-flow wp-block-column-is-layout-flow\">\n<div style=\"height:34px\" aria-hidden=\"true\" class=\"wp-block-spacer\"><\/div>\n\n\n\n<h1><span style=\"color: #1f3e7c;\">Impermeabilizaci\u00f3n BAJO SOLER\u00cdA<br><\/span><\/h1>\n<p><span style=\"color: #1f3e7c;\">Sistema de impermeabilizaci\u00f3n para cubiertas o terrazas bajo soler\u00eda<br>y con garant\u00eda de 10 a\u00f1os.&nbsp;<\/span><\/p>\n<\/div>\n<\/div>\n\n\n<p><span style=\"color: #1f3e7c;\">La impermeabilizante del sistema, se basa en la colocaci\u00f3n de una l\u00e1mina de caucho de Etileno Propileno Dieno Mon\u00f3mero (EPDM) en uno de los estratos de la cubierta, bajo el pavimento, sustituyendo el sistema impermeabilizante existente.<\/span><\/p>\n<p><span style=\"color: #1f3e7c;\">&#8211; El EPDM es un termopol\u00edmero elast\u00f3mero con alta resistencia a la abrasi\u00f3n, al desgate y a los agentes atmosf\u00e9ricos, as\u00ed como a todo tipo productos qu\u00edmicos .<\/span><br><span style=\"color: #1f3e7c;\">&#8211; El sistema es compatible con otras soluciones, como aislamientos t\u00e9rmicos de diversos tipos, pavimentos flotantes, ajardinamientos, impermeabilizaciones extra, etc.<\/span><br><span style=\"color: #1f3e7c;\">&#8211; El acabado de la superficie resultante, es el propio pavimento, ofrece un alt\u00edsimo grado de protecci\u00f3n a la membrana impermeabilizante, por lo que la cubierta\/terraza se convierte en transitable y apta para usos intensos.<\/span><\/p>\n<p style=\"text-align: center;\"><span style=\"color: #1f3e7c;\"><a style=\"color: #1f3e7c;\" href=\"#modo-de-trabajo\">Modo de trabajo \u27a1 <\/a>&nbsp; &nbsp; &nbsp; &nbsp; &nbsp; &nbsp; &nbsp; &nbsp; &nbsp; &nbsp; &nbsp; &nbsp; &nbsp; &nbsp; &nbsp; &nbsp; &nbsp; &nbsp; &nbsp; &nbsp; &nbsp; &nbsp; &nbsp; &nbsp; &nbsp; &nbsp; &nbsp; &nbsp; &nbsp; &nbsp; &nbsp; &nbsp; &nbsp; &nbsp; &nbsp; &nbsp; &nbsp; &nbsp; &nbsp; &nbsp; &nbsp; &nbsp; &nbsp; &nbsp; &nbsp; &nbsp; &nbsp; &nbsp; &nbsp; &nbsp; &nbsp; &nbsp; &nbsp; &nbsp; &nbsp; &nbsp; &nbsp; &nbsp; &nbsp; &nbsp; &nbsp; &nbsp; &nbsp; <a style=\"color: #1f3e7c;\" href=\"https:\/\/www.frima.cat\/frima\/obras-realizadas\/terrazas\/\">&nbsp;Fotos de cubiertas y terrazas realizadas \u27a1<\/a><\/span><\/p>\n<p><\/p>\n\n\n<div class=\"wp-block-columns is-layout-flex wp-container-core-columns-is-layout-9d6595d7 wp-block-columns-is-layout-flex\">\n<div class=\"wp-block-column is-layout-flow wp-block-column-is-layout-flow\" style=\"flex-basis:5.8%\"><\/div>\n\n\n\n<div class=\"wp-block-column is-layout-flow wp-block-column-is-layout-flow\"><div id=\"metaslider-id-1189\" style=\"width: 100%; margin: 0 auto;\" class=\"ml-slider-3-108-0 metaslider metaslider-flex metaslider-1189 ml-slider has-carousel-mode ms-theme-default nav-hidden\" role=\"region\" aria-label=\"EDPM\" data-height=\"382\" data-width=\"510\">\n    <div id=\"metaslider_container_1189\">\n        <div id=\"metaslider_1189\">\n            <ul class='slides'>\n                <li style=\"display: none; width: 100%;\" class=\"slide-1219 ms-image \" aria-roledescription=\"slide\" data-date=\"2020-11-23 16:52:10\" data-filename=\"1-3-1-scaled-510x382.jpg\" data-slide-type=\"image\"><img loading=\"lazy\" decoding=\"async\" src=\"https:\/\/www.frima.cat\/frima\/wp-content\/uploads\/2020\/11\/1-3-1-scaled-510x382.jpg\" height=\"382\" width=\"510\" alt=\"\" class=\"slider-1189 slide-1219 msDefaultImage\" title=\"1 (3)\" \/><\/li>\n                <li style=\"display: none; width: 100%;\" class=\"slide-1220 ms-image \" aria-roledescription=\"slide\" data-date=\"2020-11-23 16:52:10\" data-filename=\"1-2-1-scaled-510x382.jpg\" data-slide-type=\"image\"><img loading=\"lazy\" decoding=\"async\" src=\"https:\/\/www.frima.cat\/frima\/wp-content\/uploads\/2020\/11\/1-2-1-scaled-510x382.jpg\" height=\"382\" width=\"510\" alt=\"\" class=\"slider-1189 slide-1220 msDefaultImage\" title=\"1 (2)\" \/><\/li>\n                <li style=\"display: none; width: 100%;\" class=\"slide-1217 ms-image \" aria-roledescription=\"slide\" data-date=\"2020-11-23 16:52:10\" data-filename=\"1-5-1-scaled-510x382.jpg\" data-slide-type=\"image\"><img loading=\"lazy\" decoding=\"async\" src=\"https:\/\/www.frima.cat\/frima\/wp-content\/uploads\/2020\/11\/1-5-1-scaled-510x382.jpg\" height=\"382\" width=\"510\" alt=\"\" class=\"slider-1189 slide-1217 msDefaultImage\" title=\"1 (5)\" \/><\/li>\n                <li style=\"display: none; width: 100%;\" class=\"slide-1218 ms-image \" aria-roledescription=\"slide\" data-date=\"2020-11-23 16:52:10\" data-filename=\"1-4-1-scaled-510x382.jpg\" data-slide-type=\"image\"><img loading=\"lazy\" decoding=\"async\" src=\"https:\/\/www.frima.cat\/frima\/wp-content\/uploads\/2020\/11\/1-4-1-scaled-510x382.jpg\" height=\"382\" width=\"510\" alt=\"\" class=\"slider-1189 slide-1218 msDefaultImage\" title=\"1 (4)\" \/><\/li>\n                <li style=\"display: none; width: 100%;\" class=\"slide-1216 ms-image \" aria-roledescription=\"slide\" data-date=\"2020-11-23 16:52:10\" data-filename=\"1-6-1-scaled-510x382.jpg\" data-slide-type=\"image\"><img loading=\"lazy\" decoding=\"async\" src=\"https:\/\/www.frima.cat\/frima\/wp-content\/uploads\/2020\/11\/1-6-1-scaled-510x382.jpg\" height=\"382\" width=\"510\" alt=\"\" class=\"slider-1189 slide-1216 msDefaultImage\" title=\"1 (6)\" \/><\/li>\n                <li style=\"display: none; width: 100%;\" class=\"slide-1215 ms-image \" aria-roledescription=\"slide\" data-date=\"2020-11-23 16:52:10\" data-filename=\"1-7-1-scaled-510x382.jpg\" data-slide-type=\"image\"><img loading=\"lazy\" decoding=\"async\" src=\"https:\/\/www.frima.cat\/frima\/wp-content\/uploads\/2020\/11\/1-7-1-scaled-510x382.jpg\" height=\"382\" width=\"510\" alt=\"\" class=\"slider-1189 slide-1215 msDefaultImage\" title=\"1 (7)\" \/><\/li>\n                <li style=\"display: none; width: 100%;\" class=\"slide-1214 ms-image \" aria-roledescription=\"slide\" data-date=\"2020-11-23 16:52:10\" data-filename=\"1-8-1-scaled-510x382.jpg\" data-slide-type=\"image\"><img loading=\"lazy\" decoding=\"async\" src=\"https:\/\/www.frima.cat\/frima\/wp-content\/uploads\/2020\/11\/1-8-1-scaled-510x382.jpg\" height=\"382\" width=\"510\" alt=\"\" class=\"slider-1189 slide-1214 msDefaultImage\" title=\"1 (8)\" \/><\/li>\n                <li style=\"display: none; width: 100%;\" class=\"slide-1213 ms-image \" aria-roledescription=\"slide\" data-date=\"2020-11-23 16:52:10\" data-filename=\"1-9-1-scaled-510x382.jpg\" data-slide-type=\"image\"><img loading=\"lazy\" decoding=\"async\" src=\"https:\/\/www.frima.cat\/frima\/wp-content\/uploads\/2020\/11\/1-9-1-scaled-510x382.jpg\" height=\"382\" width=\"510\" alt=\"\" class=\"slider-1189 slide-1213 msDefaultImage\" title=\"1 (9)\" \/><\/li>\n                <li style=\"display: none; width: 100%;\" class=\"slide-1212 ms-image \" aria-roledescription=\"slide\" data-date=\"2020-11-23 16:52:10\" data-filename=\"1-10-2-scaled-510x382.jpg\" data-slide-type=\"image\"><img loading=\"lazy\" decoding=\"async\" src=\"https:\/\/www.frima.cat\/frima\/wp-content\/uploads\/2020\/11\/1-10-2-scaled-510x382.jpg\" height=\"382\" width=\"510\" alt=\"\" class=\"slider-1189 slide-1212 msDefaultImage\" title=\"1 (10)\" \/><\/li>\n                <li style=\"display: none; width: 100%;\" class=\"slide-1226 ms-image \" aria-roledescription=\"slide\" data-date=\"2020-11-23 16:53:19\" data-filename=\"1-13_web-scaled-510x382.jpg\" data-slide-type=\"image\"><img loading=\"lazy\" decoding=\"async\" src=\"https:\/\/www.frima.cat\/frima\/wp-content\/uploads\/2020\/11\/1-13_web-scaled-510x382.jpg\" height=\"382\" width=\"510\" alt=\"\" class=\"slider-1189 slide-1226 msDefaultImage\" title=\"1-(13)_web\" \/><\/li>\n                <li style=\"display: none; width: 100%;\" class=\"slide-1225 ms-image \" aria-roledescription=\"slide\" data-date=\"2020-11-23 16:53:19\" data-filename=\"1-12_web-scaled-510x382.jpg\" data-slide-type=\"image\"><img loading=\"lazy\" decoding=\"async\" src=\"https:\/\/www.frima.cat\/frima\/wp-content\/uploads\/2020\/11\/1-12_web-scaled-510x382.jpg\" height=\"382\" width=\"510\" alt=\"\" class=\"slider-1189 slide-1225 msDefaultImage\" title=\"1-(12)_web\" \/><\/li>\n                <li style=\"display: none; width: 100%;\" class=\"slide-1227 ms-image \" aria-roledescription=\"slide\" data-date=\"2020-11-23 16:53:19\" data-filename=\"1-14_web-scaled-510x382.jpg\" data-slide-type=\"image\"><img loading=\"lazy\" decoding=\"async\" src=\"https:\/\/www.frima.cat\/frima\/wp-content\/uploads\/2020\/11\/1-14_web-scaled-510x382.jpg\" height=\"382\" width=\"510\" alt=\"\" class=\"slider-1189 slide-1227 msDefaultImage\" title=\"1-(14)_web\" \/><\/li>\n                <li style=\"display: none; width: 100%;\" class=\"slide-1228 ms-image \" aria-roledescription=\"slide\" data-date=\"2020-11-23 16:53:19\" data-filename=\"1-15_web-510x382.jpg\" data-slide-type=\"image\"><img loading=\"lazy\" decoding=\"async\" src=\"https:\/\/www.frima.cat\/frima\/wp-content\/uploads\/2020\/11\/1-15_web-510x382.jpg\" height=\"382\" width=\"510\" alt=\"\" class=\"slider-1189 slide-1228 msDefaultImage\" title=\"1-(15)_web\" \/><\/li>\n            <\/ul>\n        <\/div>\n        \n    <\/div>\n<\/div>\n<\/div>\n\n\n\n<div class=\"wp-block-column is-layout-flow wp-block-column-is-layout-flow\" style=\"flex-basis:5.8%\"><\/div>\n<\/div>\n\n\n\n<div style=\"height:50px\" aria-hidden=\"true\" class=\"wp-block-spacer\"><\/div>\n\n\n\n<div style=\"height:30px\" aria-hidden=\"true\" class=\"wp-block-spacer\"><\/div>\n\n\n\n<div class=\"wp-block-columns is-layout-flex wp-container-core-columns-is-layout-9d6595d7 wp-block-columns-is-layout-flex\">\n<div class=\"wp-block-column is-layout-flow wp-block-column-is-layout-flow\" style=\"flex-basis:1%\"><\/div>\n\n\n\n<div class=\"wp-block-column is-layout-flow wp-block-column-is-layout-flow\">\n<figure class=\"wp-block-image size-large is-resized\"><img loading=\"lazy\" decoding=\"async\" src=\"https:\/\/www.frima.cat\/frima\/wp-content\/uploads\/2020\/12\/arrancado-1-1024x768.jpg\" alt=\"\" class=\"wp-image-1706\" width=\"455\" height=\"341\" srcset=\"https:\/\/www.frima.cat\/frima\/wp-content\/uploads\/2020\/12\/arrancado-1-1024x768.jpg 1024w, https:\/\/www.frima.cat\/frima\/wp-content\/uploads\/2020\/12\/arrancado-1-300x225.jpg 300w, https:\/\/www.frima.cat\/frima\/wp-content\/uploads\/2020\/12\/arrancado-1-768x576.jpg 768w, https:\/\/www.frima.cat\/frima\/wp-content\/uploads\/2020\/12\/arrancado-1-1536x1152.jpg 1536w, https:\/\/www.frima.cat\/frima\/wp-content\/uploads\/2020\/12\/arrancado-1-2048x1536.jpg 2048w, https:\/\/www.frima.cat\/frima\/wp-content\/uploads\/2020\/12\/arrancado-1-600x450.jpg 600w\" sizes=\"auto, (max-width: 455px) 100vw, 455px\" \/><\/figure>\n<\/div>\n\n\n\n<div class=\"wp-block-column is-layout-flow wp-block-column-is-layout-flow\">\n<div style=\"height:61px\" aria-hidden=\"true\" class=\"wp-block-spacer\"><\/div>\n\n\n\n<p><strong id=\"modo-de-trabajo\"><span style=\"color:#1f3e7c\" class=\"has-inline-color\">MODO DE TRABAJO<\/span><\/strong><\/p>\n\n\n\n<p><span style=\"color: #1f3e7c;\">Arrancado de la soler\u00eda y el mimbel perimetral existente en la terraza o cubierta.<\/span><br data-rich-text-line-break=\"true\"><span style=\"color: #1f3e7c;\">Regularizaci\u00f3n de la superficie resultante de retirar el mimbel perimetral mediante la aplicaci\u00f3n de mortero y realizaci\u00f3n de una peque\u00f1a media ca\u00f1a en el encuentro del pavimento con el paramento vertical.<\/span><br data-rich-text-line-break=\"true\"><span style=\"color: #1f3e7c;\">Sobre la media ca\u00f1a, a una altura entre 15 y 20 cm se realizar\u00e1 una regata de 5 cm de ancho x 2 cm de fondo aproximadamente, para recibir la l\u00e1mina.<\/span><\/p>\n<\/div>\n\n\n\n<div class=\"wp-block-column is-layout-flow wp-block-column-is-layout-flow\" style=\"flex-basis:3%\"><\/div>\n<\/div>\n\n\n\n<div class=\"wp-block-columns is-layout-flex wp-container-core-columns-is-layout-9d6595d7 wp-block-columns-is-layout-flex\">\n<div class=\"wp-block-column is-layout-flow wp-block-column-is-layout-flow\" style=\"flex-basis:3%\"><\/div>\n\n\n\n<div class=\"wp-block-column is-layout-flow wp-block-column-is-layout-flow\">\n<div style=\"height:90px\" aria-hidden=\"true\" class=\"wp-block-spacer\"><\/div>\n\n\n\n<p><strong><span style=\"color:#1f3e7c\" class=\"has-inline-color\">PREPARACI\u00d3N Y PROTECCI\u00d3N INFERIOR DE LA L\u00c1MINA<\/span><\/strong><\/p>\n\n\n\n<p><span style=\"color: #1f3e7c;\">Limpieza y preparaci\u00f3n necesaria del soporte para la correcta instalaci\u00f3n de la l\u00e1mina impermeabilizante.<\/span><br data-rich-text-line-break=\"true\"><span style=\"color: #1f3e7c;\">Colocaci\u00f3n de una manta de geotextil de 135 g\/m2;, entre el soporte y la l\u00e1mina, como protecci\u00f3n de la l\u00e1mina, para evitar posibles lesiones por punzonamiento.<\/span><\/p>\n<\/div>\n\n\n\n<div class=\"wp-block-column is-layout-flow wp-block-column-is-layout-flow\"><div class=\"wp-block-image\">\n<figure class=\"aligncenter size-large is-resized\"><img loading=\"lazy\" decoding=\"async\" src=\"https:\/\/www.frima.cat\/frima\/wp-content\/uploads\/2020\/12\/capa-caucho-1024x768.jpg\" alt=\"\" class=\"wp-image-1707\" width=\"442\" height=\"331\" srcset=\"https:\/\/www.frima.cat\/frima\/wp-content\/uploads\/2020\/12\/capa-caucho-1024x768.jpg 1024w, https:\/\/www.frima.cat\/frima\/wp-content\/uploads\/2020\/12\/capa-caucho-300x225.jpg 300w, https:\/\/www.frima.cat\/frima\/wp-content\/uploads\/2020\/12\/capa-caucho-768x576.jpg 768w, https:\/\/www.frima.cat\/frima\/wp-content\/uploads\/2020\/12\/capa-caucho-1536x1152.jpg 1536w, https:\/\/www.frima.cat\/frima\/wp-content\/uploads\/2020\/12\/capa-caucho-2048x1536.jpg 2048w, https:\/\/www.frima.cat\/frima\/wp-content\/uploads\/2020\/12\/capa-caucho-600x450.jpg 600w\" sizes=\"auto, (max-width: 442px) 100vw, 442px\" \/><\/figure>\n<\/div>\n\n\n<p><\/p>\n<\/div>\n\n\n\n<div class=\"wp-block-column is-layout-flow wp-block-column-is-layout-flow\" style=\"flex-basis:3%\"><\/div>\n<\/div>\n\n\n\n<div class=\"wp-block-columns is-layout-flex wp-container-core-columns-is-layout-9d6595d7 wp-block-columns-is-layout-flex\">\n<div class=\"wp-block-column is-layout-flow wp-block-column-is-layout-flow\" style=\"flex-basis:3%\"><\/div>\n\n\n\n<div class=\"wp-block-column is-layout-flow wp-block-column-is-layout-flow\"><div class=\"wp-block-image\">\n<figure class=\"alignleft size-large is-resized\"><img loading=\"lazy\" decoding=\"async\" src=\"https:\/\/www.frima.cat\/frima\/wp-content\/uploads\/2020\/12\/capa-blanca-1024x768.jpg\" alt=\"\" class=\"wp-image-1708\" width=\"485\" height=\"364\" srcset=\"https:\/\/www.frima.cat\/frima\/wp-content\/uploads\/2020\/12\/capa-blanca-1024x768.jpg 1024w, https:\/\/www.frima.cat\/frima\/wp-content\/uploads\/2020\/12\/capa-blanca-300x225.jpg 300w, https:\/\/www.frima.cat\/frima\/wp-content\/uploads\/2020\/12\/capa-blanca-768x576.jpg 768w, https:\/\/www.frima.cat\/frima\/wp-content\/uploads\/2020\/12\/capa-blanca-1536x1152.jpg 1536w, https:\/\/www.frima.cat\/frima\/wp-content\/uploads\/2020\/12\/capa-blanca-2048x1536.jpg 2048w, https:\/\/www.frima.cat\/frima\/wp-content\/uploads\/2020\/12\/capa-blanca-600x450.jpg 600w\" sizes=\"auto, (max-width: 485px) 100vw, 485px\" \/><\/figure>\n<\/div><\/div>\n\n\n\n<div class=\"wp-block-column is-layout-flow wp-block-column-is-layout-flow\">\n<p><strong><span style=\"color:#1f3e7c\" class=\"has-inline-color\">COLOCACI\u00d3N DE LA L\u00c1MINA IMPERMEABILIZANTE<\/span><\/strong><\/p>\n\n\n\n<p><span style=\"color: #1f3e7c;\">Suministro e instalaci\u00f3n de l\u00e1minas de EPDM Rubbergard de 1,20 mm, colocadas en mantas de las mayores medidas posibles, para evitar el m\u00e1ximo de uniones entre ellas, ya que estos son los puntos que suelen provocar m\u00e1s problemas de filtraciones.<\/span><br data-rich-text-line-break=\"true\"><span style=\"color: #1f3e7c;\">Cuando se tengan que colocar dos o m\u00e1s l\u00e1minas, la uni\u00f3n entre ellas se realizar\u00e1 mediante colas espec\u00edficas, con solape m\u00ednimo entre ambas l\u00e1minas de 20 cm y rematado por el exterior mediante un cord\u00f3n de masilla de poliuretano Sikaflex-11 FC.<\/span><br data-rich-text-line-break=\"true\"><span style=\"color: #1f3e7c;\">La l\u00e1mina, en su encuentro con el paramento vertical, se introducir\u00e1 en la regata anteriormente realizada y se sellar\u00e1 mediante la aplicaci\u00f3n de masilla de poliuretano, garantizando de esta forma, que las aguas que puedan discurrir por el paramento no alcancen el extremo de la l\u00e1mina.<\/span><br data-rich-text-line-break=\"true\"><span style=\"color: #1f3e7c;\">En las zonas de la terraza donde se producen rincones o esquinas se realizar\u00e1 un refuerzo mediante el solapado de un tramo de l\u00e1mina sobre la existente.<\/span><\/p>\n<\/div>\n\n\n\n<div class=\"wp-block-column is-layout-flow wp-block-column-is-layout-flow\" style=\"flex-basis:3%\"><\/div>\n<\/div>\n\n\n\n<p><br><\/p>\n\n\n\n<div class=\"wp-block-columns is-layout-flex wp-container-core-columns-is-layout-9d6595d7 wp-block-columns-is-layout-flex\">\n<div class=\"wp-block-column is-layout-flow wp-block-column-is-layout-flow\" style=\"flex-basis:3%\"><\/div>\n\n\n\n<div class=\"wp-block-column is-layout-flow wp-block-column-is-layout-flow\">\n<div style=\"height:55px\" aria-hidden=\"true\" class=\"wp-block-spacer\"><\/div>\n\n\n\n<p><span style=\"color: #1f3e7c;\"><strong>DESAG\u00dcES<\/strong><\/span><\/p>\n<p><span style=\"color: #1f3e7c;\">Los desag\u00fces que van horizontales se limpiar\u00e1n y se sellar\u00e1n mediante masilla de poliuretano y la l\u00e1mina se introducir\u00e1 10 cm o 15 cm en la parte inferior.<\/span><br data-rich-text-line-break=\"true\"><span style=\"color: #1f3e7c;\">En el caso de los desag\u00fces verticales igualmente se limpiar\u00e1n y sellar\u00e1n y se forrar\u00e1n mediante una cazoleta de l\u00e1mina de caucho EPDM circular, la cual se introducir\u00e1 en el interior del bajante, se adherir\u00e1 a sus paredes y por la parte superior quedar\u00e1 debajo de la l\u00e1mina, asegurando la total impermeabilizaci\u00f3n de uno de los puntos m\u00e1s problem\u00e1ticos de la terraza.<\/span><\/p>\n<\/div>\n\n\n\n<div class=\"wp-block-column is-layout-flow wp-block-column-is-layout-flow\"><div class=\"wp-block-image\">\n<figure class=\"aligncenter size-large is-resized\"><img loading=\"lazy\" decoding=\"async\" src=\"https:\/\/www.frima.cat\/frima\/wp-content\/uploads\/2020\/12\/desague.jpg\" alt=\"\" class=\"wp-image-1718\" width=\"278\" height=\"369\"\/><\/figure>\n<\/div><\/div>\n\n\n\n<div class=\"wp-block-column is-layout-flow wp-block-column-is-layout-flow\" style=\"flex-basis:3%\"><\/div>\n<\/div>\n\n\n\n<div class=\"wp-block-columns is-layout-flex wp-container-core-columns-is-layout-9d6595d7 wp-block-columns-is-layout-flex\">\n<div class=\"wp-block-column is-layout-flow wp-block-column-is-layout-flow\" style=\"flex-basis:3%\"><\/div>\n\n\n\n<div class=\"wp-block-column is-layout-flow wp-block-column-is-layout-flow\">\n<figure class=\"wp-block-image size-large is-resized\"><img loading=\"lazy\" decoding=\"async\" src=\"https:\/\/www.frima.cat\/frima\/wp-content\/uploads\/2020\/12\/mortero-1024x576.jpg\" alt=\"\" class=\"wp-image-1713\" width=\"461\" height=\"260\" srcset=\"https:\/\/www.frima.cat\/frima\/wp-content\/uploads\/2020\/12\/mortero-1024x576.jpg 1024w, https:\/\/www.frima.cat\/frima\/wp-content\/uploads\/2020\/12\/mortero-300x169.jpg 300w, https:\/\/www.frima.cat\/frima\/wp-content\/uploads\/2020\/12\/mortero-768x432.jpg 768w, https:\/\/www.frima.cat\/frima\/wp-content\/uploads\/2020\/12\/mortero-1536x864.jpg 1536w, https:\/\/www.frima.cat\/frima\/wp-content\/uploads\/2020\/12\/mortero-2048x1152.jpg 2048w, https:\/\/www.frima.cat\/frima\/wp-content\/uploads\/2020\/12\/mortero-600x338.jpg 600w\" sizes=\"auto, (max-width: 461px) 100vw, 461px\" \/><\/figure>\n<\/div>\n\n\n\n<div class=\"wp-block-column is-layout-flow wp-block-column-is-layout-flow\">\n<div style=\"height:55px\" aria-hidden=\"true\" class=\"wp-block-spacer\"><\/div>\n\n\n\n<p><span style=\"color: #1f3e7c;\"><strong data-rich-text-format-boundary=\"true\">PROTECCI\u00d3N SUPERIOR DE LA L\u00c1MINA<\/strong><\/span><\/p>\n<p><span style=\"color: #1f3e7c;\"><strong data-rich-text-format-boundary=\"true\"><br data-rich-text-line-break=\"true\"><\/strong>Colocaci\u00f3n de una segunda manta de geotextil de 135 g\/m2;, entre el mortero de agarre del pavimento y la l\u00e1mina, como protecci\u00f3n de la l\u00e1mina por la parte superior evitando que el fraguado del mortero pudiera afectar a la l\u00e1mina.<\/span><\/p>\n<\/div>\n\n\n\n<div class=\"wp-block-column is-layout-flow wp-block-column-is-layout-flow\" style=\"flex-basis:3%\"><\/div>\n<\/div>\n\n\n\n<h2 class=\"wp-block-heading\"><\/h2>\n\n\n\n<div class=\"wp-block-columns is-layout-flex wp-container-core-columns-is-layout-9d6595d7 wp-block-columns-is-layout-flex\">\n<div class=\"wp-block-column is-layout-flow wp-block-column-is-layout-flow\" style=\"flex-basis:3%\"><\/div>\n\n\n\n<div class=\"wp-block-column is-layout-flow wp-block-column-is-layout-flow\">\n<div style=\"height:71px\" aria-hidden=\"true\" class=\"wp-block-spacer\"><\/div>\n\n\n\n<p><span style=\"color: #1f3e7c;\">Suministro y colocaci\u00f3n de baldosa cer\u00e1mica de rasilla\/gres.<\/span><br data-rich-text-line-break=\"true\"><span style=\"color: #1f3e7c;\">Colocaci\u00f3n de mimbel a base de piezas cer\u00e1micas del mismo material en los encuentros del pavimento con el paramento vertical.<\/span><br data-rich-text-line-break=\"true\"><span style=\"color: #1f3e7c;\">Dichas piezas se tomar\u00e1n con mortero de cal y cemento p\u00f3rtland, dejando una separaci\u00f3n de 0,50 cm entre piezas.<\/span><br data-rich-text-line-break=\"true\"><span style=\"color: #1f3e7c;\">El rejuntado se realizar\u00e1 con borada especial de color.<\/span><br data-rich-text-line-break=\"true\"><br data-rich-text-line-break=\"true\"><span style=\"color: #1f3e7c;\">Se realizar\u00e1n las juntas de dilataci\u00f3n que demande la terraza por sus dimensiones, normalmente en superf\u00edcies de 5m x 5m.<\/span><br data-rich-text-line-break=\"true\"><span style=\"color: #1f3e7c;\">Tendr\u00e1n una anchura aproximada de 2 cm y se rellenar\u00e1n con masilla de poliuretano.<\/span><br data-rich-text-line-break=\"true\"><span style=\"color: #1f3e7c;\">Realizaci\u00f3n de junta de dilataci\u00f3n perimetral con masilla de poliuretano Sikaflex-11 FC.<\/span><\/p>\n<\/div>\n\n\n\n<div class=\"wp-block-column is-layout-flow wp-block-column-is-layout-flow\"><div class=\"wp-block-image\">\n<figure class=\"aligncenter size-large is-resized\"><img loading=\"lazy\" decoding=\"async\" src=\"https:\/\/www.frima.cat\/frima\/wp-content\/uploads\/2020\/12\/capa-finalizada-2-768x1024.jpg\" alt=\"\" class=\"wp-image-1711\" width=\"341\" height=\"458\"\/><\/figure>\n<\/div><\/div>\n\n\n\n<div class=\"wp-block-column is-layout-flow wp-block-column-is-layout-flow\" style=\"flex-basis:3%\"><\/div>\n<\/div>\n\n\n\n<div data-wp-interactive=\"core\/file\" class=\"wp-block-file\"><object data-wp-bind--hidden=\"!state.hasPdfPreview\" hidden class=\"wp-block-file__embed\" data=\"https:\/\/www.frima.cat\/frima\/wp-content\/uploads\/2023\/01\/Detalles-constructivos-EPDM-2023.pdf\" type=\"application\/pdf\" style=\"width:100%;height:600px\" aria-label=\"Incrustado de Detalles-constructivos-EPDM-2023.\"><\/object><a id=\"wp-block-file--media-9108e11b-a898-4737-bef8-9f4755c1d60a\" href=\"https:\/\/www.frima.cat\/frima\/wp-content\/uploads\/2023\/01\/Detalles-constructivos-EPDM-2023.pdf\">Detalles-constructivos-EPDM-2023<\/a><a href=\"https:\/\/www.frima.cat\/frima\/wp-content\/uploads\/2023\/01\/Detalles-constructivos-EPDM-2023.pdf\" class=\"wp-block-file__button wp-element-button\" download aria-describedby=\"wp-block-file--media-9108e11b-a898-4737-bef8-9f4755c1d60a\">Descarga<\/a><\/div>\n","protected":false},"excerpt":{"rendered":"<p>Sistema de impermeabilizaci\u00f3n para cubiertas o terrazas bajo soler\u00eda y con garant\u00eda de 10 a\u00f1os.\u00a0<\/p>\n","protected":false},"author":2,"featured_media":2914,"parent":587,"menu_order":0,"comment_status":"closed","ping_status":"closed","template":"","meta":{"footnotes":""},"class_list":["post-553","page","type-page","status-publish","has-post-thumbnail","hentry"],"_links":{"self":[{"href":"https:\/\/www.frima.cat\/frima\/wp-json\/wp\/v2\/pages\/553","targetHints":{"allow":["GET"]}}],"collection":[{"href":"https:\/\/www.frima.cat\/frima\/wp-json\/wp\/v2\/pages"}],"about":[{"href":"https:\/\/www.frima.cat\/frima\/wp-json\/wp\/v2\/types\/page"}],"author":[{"embeddable":true,"href":"https:\/\/www.frima.cat\/frima\/wp-json\/wp\/v2\/users\/2"}],"replies":[{"embeddable":true,"href":"https:\/\/www.frima.cat\/frima\/wp-json\/wp\/v2\/comments?post=553"}],"version-history":[{"count":81,"href":"https:\/\/www.frima.cat\/frima\/wp-json\/wp\/v2\/pages\/553\/revisions"}],"predecessor-version":[{"id":4065,"href":"https:\/\/www.frima.cat\/frima\/wp-json\/wp\/v2\/pages\/553\/revisions\/4065"}],"up":[{"embeddable":true,"href":"https:\/\/www.frima.cat\/frima\/wp-json\/wp\/v2\/pages\/587"}],"wp:featuredmedia":[{"embeddable":true,"href":"https:\/\/www.frima.cat\/frima\/wp-json\/wp\/v2\/media\/2914"}],"wp:attachment":[{"href":"https:\/\/www.frima.cat\/frima\/wp-json\/wp\/v2\/media?parent=553"}],"curies":[{"name":"wp","href":"https:\/\/api.w.org\/{rel}","templated":true}]}}