{"id":650,"date":"2020-10-28T10:32:49","date_gmt":"2020-10-28T10:32:49","guid":{"rendered":"http:\/\/www.frima.cat\/frima\/?page_id=650"},"modified":"2020-12-10T15:50:32","modified_gmt":"2020-12-10T15:50:32","slug":"ite-inspeccion-tecnica-de-edificios","status":"publish","type":"page","link":"https:\/\/www.frima.cat\/frima\/ite-inspeccion-tecnica-de-edificios\/","title":{"rendered":"(ITE) Inspecci\u00f3n T\u00e9cnica de Edificios"},"content":{"rendered":"\n\n\n<div class=\"wp-block-columns is-layout-flex wp-container-core-columns-is-layout-9d6595d7 wp-block-columns-is-layout-flex\">\n<div class=\"wp-block-column is-layout-flow wp-block-column-is-layout-flow\" style=\"flex-basis:4.8%\"><\/div>\n\n\n\n<div class=\"wp-block-column is-layout-flow wp-block-column-is-layout-flow\">\n<div class=\"wp-block-image\"><figure class=\"alignleft size-large is-resized\"><img loading=\"lazy\" decoding=\"async\" src=\"https:\/\/www.frima.cat\/frima\/wp-content\/uploads\/2020\/12\/ITE_PNG.png\" alt=\"\" class=\"wp-image-1643\" width=\"408\" height=\"260\" srcset=\"https:\/\/www.frima.cat\/frima\/wp-content\/uploads\/2020\/12\/ITE_PNG.png 390w, https:\/\/www.frima.cat\/frima\/wp-content\/uploads\/2020\/12\/ITE_PNG-300x192.png 300w\" sizes=\"auto, (max-width: 408px) 100vw, 408px\" \/><\/figure><\/div>\n\n\n\n<p><\/p>\n<\/div>\n\n\n\n<div class=\"wp-block-column is-layout-flow wp-block-column-is-layout-flow\" style=\"flex-basis:50%\">\n<div style=\"height:70px\" aria-hidden=\"true\" class=\"wp-block-spacer\"><\/div>\n\n\n\n<h1 style=\"text-align: center;\"><span style=\"color: #1f3e7c;\">Inspecci\u00f3n T\u00e9cnica de Edificios<br \/><br \/><\/span><\/h1>\n<p><span style=\"color: #1f3e7c;\">Se trata de un control peri\u00f3dico del estado de los edificios de viviendas, es un mantenimiento preventivo que tiene el fin de proteger los inmuebles y las personas que lo habitan.\u00a0 La Agencia de la Vivienda de la Generalitat de Catalunya otorgar\u00e1 un certificado de aptitud, seg\u00fan el estado general del edificio.<\/span><\/p>\n\n\n\n<p><\/p>\n<\/div>\n\n\n\n<div class=\"wp-block-column is-layout-flow wp-block-column-is-layout-flow\" style=\"flex-basis:4%\"><\/div>\n<\/div>\n\n\n\n<div class=\"wp-block-columns is-layout-flex wp-container-core-columns-is-layout-9d6595d7 wp-block-columns-is-layout-flex\">\n<div class=\"wp-block-column is-layout-flow wp-block-column-is-layout-flow\" style=\"flex-basis:7%\"><\/div>\n\n\n\n<div class=\"wp-block-column is-layout-flow wp-block-column-is-layout-flow\">\n<p><span style=\"color: #1e3460;\">La finalidad de esta inspecci\u00f3n es instituir un sistema de control peri\u00f3dico del estado de los edificios de viviendas para verificar el deber que tienen los propietarios de conservar y rehabilitar sus inmuebles.<\/span><br \/><br \/><span style=\"color: #1e3460;\">La Agencia de la Vivienda de la Generalitat de Catalunya, tomando como base el informe de la inspecci\u00f3n t\u00e9cnica de edificios de viviendas otorgar\u00e1 un certificado de aptitud que notificar\u00e1 directamente a la propiedad. Seg\u00fan qu\u00e9 sea el estado general del edificio, el certificado de aptitud puede ser de apto o no apto.<\/span><\/p>\n<h2><span style=\"color: #1e3460;\"><a style=\"color: #1e3460;\" name=\"750815a4ae0c0a829\"><\/a>C\u00d3MO SE HACE EL TR\u00c1MITE<\/span><\/h2>\n<p><span style=\"color: #1e3460;\">La inspecci\u00f3n t\u00e9cnica de los edificios de viviendas lo tiene que llevar a cabo un\/a t\u00e9cnico con titulaci\u00f3n de arquitecto, aparejador, arquitecto t\u00e9cnico o ingeniero de la edificaci\u00f3n.<\/span><br \/><br \/><span style=\"color: #1e3460;\">El propietarios y las persones ocupantes de las viviendas tienen que facilitar el acceso a las viviendas y a las otras entidades del edificio en el momento de la inspecci\u00f3n, para posibilitar el examen de los elementos comunes del edificio.<\/span><br \/><br \/><span style=\"color: #1e3460;\">La inspecci\u00f3n consiste al examinar el edificio, lo lleva a cabo el t\u00e9cnico competente a qui\u00e9n haya sido encargado, y da lugar al informe de la inspecci\u00f3n t\u00e9cnica de edificios de viviendas. Esta inspecci\u00f3n t\u00e9cnica es visual, y se hace respecto de aquellos elementos del edificio a los cuales se haya tenido acceso.<\/span><br \/><br \/><span style=\"color: #1e3460;\">Cuando los datos obtenidos en la inspecci\u00f3n visual no fueran suficientes para la calificaci\u00f3n de las deficiencias detectadas, el t\u00e9cnico encargado da de la inspecci\u00f3n tiene que proponer a la propiedad del inmueble hacer una diagnosis del elemento o elementos constructivos afectados, o cualquiera otro tipo de pruebas que considere necesarias.<\/span><br \/><br \/><span style=\"color: #1e3460;\">Si en esta inspecci\u00f3n el t\u00e9cnico detecta alguna situaci\u00f3n an\u00f3mala tipo sobrehabitado, hace falta que la comunique a la Agencia de la Vivienda. La existencia de esta situaci\u00f3n an\u00f3mala no condiciona la certificaci\u00f3n de aptitud del edificio mientras no afecte la estabilidad o seguridad de los elementos comunes de la edificaci\u00f3n. Seg\u00fan el tipo, la gravedad y la generalizaci\u00f3n de las deficiencias, el estado general de un edificio puede ser:<\/span><br \/><span style=\"color: #1e3460;\">Muy grave<\/span><br \/><span style=\"color: #1e3460;\">Con deficiencias graves<\/span><br \/><span style=\"color: #1e3460;\">Con deficiencias leves<\/span><br \/><span style=\"color: #1e3460;\">Sin deficiencias<\/span><br \/><br \/><span style=\"color: #1e3460;\">En aquellos casos en qu\u00e9 el t\u00e9cnico detecte la existencia de deficiencias, sean generalizadas o no, que comporten riesgo para las personas, hace falta que lo comunique de manera inmediata tanto a la propiedad como el Ayuntamiento del municipio donde es el edificio.<\/span><br \/><br \/><span style=\"color: #1e3460;\">La Agencia de la Vivienda, tomando como base el informe de la inspecci\u00f3n t\u00e9cnica de edificios de viviendas otorgar\u00e1 un certificado de aptitud que notificar\u00e1 directamente a la propiedad. Seg\u00fan qu\u00e9 sea el estado general del edificio, el certificado de aptitud puede ser de apto o no apto.<\/span><\/p>\n<h2><span style=\"color: #1e3460;\"><a style=\"color: #1e3460;\" name=\"750815a4ae0c4452a\"><\/a>QUI\u00c9N LO PUEDE PEDIR<\/span><\/h2>\n<p><span style=\"color: #1e3460;\">Se tienen que someter a inspecci\u00f3n t\u00e9cnica obligatoria:<\/span><br \/><br \/><span style=\"color: #1e3460;\">&#8211; Los edificios plurifamiliares de viviendas en funci\u00f3n de su antig\u00fcedad.<\/span><br \/><span style=\"color: #1e3460;\">&#8211; Si lo determinan los programas o las ordenanzas locales.<\/span><br \/><span style=\"color: #1e3460;\">&#8211; Si el edificio o las viviendas del edificio se tienen que acoger en programas p\u00fablicos de fomento de la rehabilitaci\u00f3n<\/span><br \/><br \/><span style=\"color: #1e3460;\">Estan excluidos de la obligaci\u00f3n de inspecci\u00f3n t\u00e9cnica aquellos edificios de viviendas que hayan sido declarados inicialmente en ruina por el ente local competente y los edificios unifamiliares.<\/span><br \/><br \/><span style=\"color: #1e3460;\">La obligaci\u00f3n de someter los edificios de viviendas a inspecci\u00f3n t\u00e9cnica corresponde a:<\/span><br \/><span style=\"color: #1e3460;\">&#8211; Propiedad vertical: a los propietarios<\/span><br \/><span style=\"color: #1e3460;\">&#8211; Propiedad horizontal: a la comunidad de propietarios.<\/span><\/p>\n<h2><a name=\"750815a4ae0c4e12b\"><\/a><span style=\"color: #1e3460;\">D\u00d3NDE SE PUEDE HACER<\/span><\/h2>\n<p><span style=\"color: #1e3460;\"><a class=\"link\" style=\"color: #1e3460;\" title=\"\" href=\"http:\/\/www.bcn.cat\/cgi-bin\/ctveure_eq.pl?id=75990048042&amp;SIPAC=20110000190&amp;v=TRAM\" target=\"_blank\" rel=\"noopener noreferrer\">Agencia de habitatge de Catalunya<\/a><\/span><\/p>\n<h2><span style=\"color: #1e3460;\"><a style=\"color: #1e3460;\" name=\"750815a4ae0c4f72c\"><\/a>FECHAS<\/span><\/h2>\n<p><span style=\"color: #1e3460;\">Seg\u00fan la antig\u00fcedad del edificio, los plazos m\u00e1ximos previstos para pedir a la Agencia de la Vivienda de Catalu\u00f1a el certificado de aptitud correspondiente son los siguientes:<\/span><\/p>\n\n\n\n<figure class=\"wp-block-table is-style-stripes\"><table><tbody><tr><td>A partir de 1971<\/td><td>Hasta el 31\/12\/2012<\/td><\/tr><tr><td>Entre 1931-1950<\/td><td>Hasta el 31\/12\/2013<\/td><\/tr><tr><td>Entre 1951-1960<\/td><td>Hasta el 31\/12\/2014<\/td><\/tr><tr><td>Entre 1961-1970<\/td><td>Hasta el 31\/12\/2015<\/td><\/tr><tr><td>A partir de 1971<\/td><td>Hasta el a\u00f1o que el edificio tenga 45 a\u00f1os<\/td><\/tr><\/tbody><\/table><\/figure>\n\n\n\n<h2><span style=\"color: #1e3460;\">PRECIO<\/span><\/h2>\n<p><span style=\"color: #1e3460;\">El coste econ\u00f3mico derivado de la inspecci\u00f3n t\u00e9cnica obligatoria es a cargo de las personas obligadas a la realizaci\u00f3n de la inspecci\u00f3n (propietarios del inmueble o comunidades de propietarios seg\u00fan sea el caso).<\/span><\/p>\n<h2><span style=\"color: #1e3460;\"><a style=\"color: #1e3460;\" name=\"750815a4ae0c6552f\"><\/a>ORGANISMO RESPONSABLE<\/span><\/h2>\n<p><span style=\"color: #1e3460;\"><a class=\"link\" style=\"color: #1e3460;\" title=\"\" href=\"http:\/\/web.gencat.cat\/ca\/inici\/\" target=\"_blank\" rel=\"noopener noreferrer\">Generalitat de Catalunya<\/a><\/span><\/p>\n<\/div>\n\n\n\n<div class=\"wp-block-column is-layout-flow wp-block-column-is-layout-flow\" style=\"flex-basis:7%\"><\/div>\n<\/div>\n\n\n\n<p><\/p>\n","protected":false},"excerpt":{"rendered":"<p>Inspecci\u00f3n T\u00e9cnica de Edificios Se trata de un control peri\u00f3dico del estado de los edificios de viviendas, es un mantenimiento preventivo que tiene el fin de proteger los inmuebles y las personas que lo habitan.\u00a0 La Agencia de la Vivienda<\/p>\n","protected":false},"author":2,"featured_media":0,"parent":0,"menu_order":0,"comment_status":"closed","ping_status":"closed","template":"","meta":{"footnotes":""},"class_list":["post-650","page","type-page","status-publish","hentry"],"_links":{"self":[{"href":"https:\/\/www.frima.cat\/frima\/wp-json\/wp\/v2\/pages\/650","targetHints":{"allow":["GET"]}}],"collection":[{"href":"https:\/\/www.frima.cat\/frima\/wp-json\/wp\/v2\/pages"}],"about":[{"href":"https:\/\/www.frima.cat\/frima\/wp-json\/wp\/v2\/types\/page"}],"author":[{"embeddable":true,"href":"https:\/\/www.frima.cat\/frima\/wp-json\/wp\/v2\/users\/2"}],"replies":[{"embeddable":true,"href":"https:\/\/www.frima.cat\/frima\/wp-json\/wp\/v2\/comments?post=650"}],"version-history":[{"count":29,"href":"https:\/\/www.frima.cat\/frima\/wp-json\/wp\/v2\/pages\/650\/revisions"}],"predecessor-version":[{"id":1662,"href":"https:\/\/www.frima.cat\/frima\/wp-json\/wp\/v2\/pages\/650\/revisions\/1662"}],"wp:attachment":[{"href":"https:\/\/www.frima.cat\/frima\/wp-json\/wp\/v2\/media?parent=650"}],"curies":[{"name":"wp","href":"https:\/\/api.w.org\/{rel}","templated":true}]}}